{"id":110,"date":"2021-09-14T16:24:38","date_gmt":"2021-09-14T14:24:38","guid":{"rendered":"http:\/\/192.168.0.227\/ul\/?page_id=110"},"modified":"2021-10-23T17:54:47","modified_gmt":"2021-10-23T15:54:47","slug":"actualite-dunite-laique","status":"publish","type":"page","link":"https:\/\/unitelaique.org\/index.php\/actualite-dunite-laique\/","title":{"rendered":"Actualit\u00e9 d&rsquo;Unit\u00e9 la\u00efque"},"content":{"rendered":"\n<h2 class=\"wp-block-heading\"><\/h2>\n\n\n\n<p><\/p>\n","protected":false},"excerpt":{"rendered":"","protected":false},"author":1,"featured_media":0,"parent":0,"menu_order":0,"comment_status":"closed","ping_status":"closed","template":"","meta":{"footnotes":""},"class_list":["post-110","page","type-page","status-publish","hentry"],"_links":{"self":[{"href":"https:\/\/unitelaique.org\/index.php\/wp-json\/wp\/v2\/pages\/110","targetHints":{"allow":["GET"]}}],"collection":[{"href":"https:\/\/unitelaique.org\/index.php\/wp-json\/wp\/v2\/pages"}],"about":[{"href":"https:\/\/unitelaique.org\/index.php\/wp-json\/wp\/v2\/types\/page"}],"author":[{"embeddable":true,"href":"https:\/\/unitelaique.org\/index.php\/wp-json\/wp\/v2\/users\/1"}],"replies":[{"embeddable":true,"href":"https:\/\/unitelaique.org\/index.php\/wp-json\/wp\/v2\/comments?post=110"}],"version-history":[{"count":2,"href":"https:\/\/unitelaique.org\/index.php\/wp-json\/wp\/v2\/pages\/110\/revisions"}],"predecessor-version":[{"id":367,"href":"https:\/\/unitelaique.org\/index.php\/wp-json\/wp\/v2\/pages\/110\/revisions\/367"}],"wp:attachment":[{"href":"https:\/\/unitelaique.org\/index.php\/wp-json\/wp\/v2\/media?parent=110"}],"curies":[{"name":"wp","href":"https:\/\/api.w.org\/{rel}","templated":true}]}}