{"id":129,"date":"2021-09-14T16:30:52","date_gmt":"2021-09-14T14:30:52","guid":{"rendered":"http:\/\/192.168.0.227\/ul\/?page_id=129"},"modified":"2021-09-21T17:12:55","modified_gmt":"2021-09-21T15:12:55","slug":"enquetes-et-etudes","status":"publish","type":"page","link":"https:\/\/unitelaique.org\/index.php\/enquetes-et-etudes\/","title":{"rendered":"Enqu\u00eates et \u00e9tudes"},"content":{"rendered":"\n<p><strong>Unit\u00e9 la\u00efque<\/strong> propose une s\u00e9lection d\u2019enqu\u00eates et d\u2019\u00e9tudes qui \u00e9clairent sur les rapports des Fran\u00e7ais \u00e0 la la\u00efcit\u00e9 et la situation de la la\u00efcit\u00e9 en France.<\/p>\n\n\n\n<p>Sondage 06\/07\/2021<\/p>\n\n\n\n<p><strong>Les enseignants, la la\u00efcit\u00e9 et la place des religions \u00e0 l\u2019\u00e9cole<\/strong><\/p>\n\n\n\n<p>L\u2019Ifop a r\u00e9alis\u00e9 pour l\u2019Observatoire de l\u2019\u00e9ducation de la Fondation Jean-Jaur\u00e8s une enqu\u00eate permettant de mieux cerner la place que les enseignants accordent aujourd\u2019hui aux religions \u00e0 l\u2019\u00e9cole, le sens qu\u2019ils donnent \u00e0 la la\u00efcit\u00e9, mais aussi leur point de vue sur le port des signes religieux par les diff\u00e9rents acteurs (les \u00e9l\u00e8ves, les parents\u2026) du syst\u00e8me scolaire.<\/p>\n\n\n\n<p>Retrouvez la note d\u2019analyse de Fran\u00e7ois Kraus et les r\u00e9sultats de l\u2019enqu\u00eate publi\u00e9s sur le site de la Fondation Jean-Jaur\u00e8s <a href=\"https:\/\/jean-jaures.org\/nos-productions\/les-enseignants-la-laicite-et-la-place-des-religions-a-l-ecole\">https:\/\/jean-jaures.org\/nos-productions\/les-enseignants-la-laicite-et-la-place-des-religions-a-l-ecole<\/a><\/p>\n\n\n\n<p>Sondage 06\/04\/2021<\/p>\n\n\n\n<p><strong>Etude sur le maintien du r\u00e9gime du concordat et le financement des lieux de culte en Alsace-Moselle<\/strong><\/p>\n\n\n\n<p>Devant l\u2019absence \u00ab d\u2019enqu\u00eate s\u00e9rieuse \u00bb permettant d\u2019attester le soutien de la population \u00e0 ce r\u00e9gime d\u00e9rogatoire, le Grand Orient de France a command\u00e9 \u00e0 l\u2019Ifop une \u00e9tude permettant de mesurer le point de vue des Fran\u00e7ais sur le sujet mais \u00e9galement \u2013 pour la premi\u00e8re fois semble-t-il depuis des ann\u00e9es \u2013 celui des habitants d\u2019Alsace et Moselle. R\u00e9alis\u00e9e dans une optique d\u2019enqu\u00eate \u00ab miroir \u00bb \u00e0 la fois aupr\u00e8s d\u2019un \u00e9chantillon national repr\u00e9sentatif de 1 000 Fran\u00e7ais et aupr\u00e8s d\u2019un \u00e9chantillon de 800 Alsaco-Mosellans, cette \u00e9tude brise en effet nombre d\u2019id\u00e9es re\u00e7ues en montrant notamment qu\u2019aussi bien \u00e0 l\u2019\u00e9chelle locale que nationale, l\u2019opinion publique souhaite d\u00e9sormais en finir avec le r\u00e9gime concordataire.<\/p>\n\n\n\n<p>Retrouvez les r\u00e9sultats et l\u2019analyse de l\u2019enqu\u00eate <a href=\"https:\/\/www.ifop.com\/publication\/etude-sur-le-maintien-du-regime-du-concordat-et-le-financement-des-lieux-de-culte-en-alsace-moselle\/\">https:\/\/www.ifop.com\/publication\/etude-sur-le-maintien-du-regime-du-concordat-et-le-financement-des-lieux-de-culte-en-alsace-moselle\/<\/a><\/p>\n\n\n\n<p>Sondage 03\/03\/2021<\/p>\n\n\n\n<p><strong>\u00ab Droit au blasph\u00e8me \u00bb, la\u00efcit\u00e9, libert\u00e9 d\u2019enseignement\u2026 Les lyc\u00e9ens d\u2019aujourd\u2019hui sont-ils \u00ab Paty \u00bb ? Enqu\u00eate aupr\u00e8s des lyc\u00e9ens sur la la\u00efcit\u00e9 et la place des religions \u00e0 l\u2019\u00e9cole et dans la soci\u00e9t\u00e9<\/strong><\/p>\n\n\n\n<p>A l\u2019occasion d\u2019un num\u00e9ro sp\u00e9cial consacr\u00e9 \u00e0 la la\u00efcit\u00e9, le magazine de la LICRA \u00ab Droit de Vivre \u00bb a command\u00e9 \u00e0 l\u2019Ifop une enqu\u00eate permettant de mieux cerner la place que les lyc\u00e9ens accordent aujourd\u2019hui \u00e0 la religion, le sens qu\u2019ils donnent \u00e0 la la\u00efcit\u00e9 dans l\u2019enceinte scolaire mais aussi leur point de vue sur le droit de \u00ab blasph\u00e9mer \u00bb \u00e0 la mani\u00e8re d\u2019un journal satirique comme Charlie Hebdo.<\/p>\n\n\n\n<p>Consultez les r\u00e9sultats et l\u2019analyse de l\u2019\u00e9tude <a href=\"https:\/\/www.ifop.com\/publication\/droit-au-blaspheme-laicite-liberte-denseignement-les-lyceens-daujourdhui-sont-ils-paty\/\">https:\/\/www.ifop.com\/publication\/droit-au-blaspheme-laicite-liberte-denseignement-les-lyceens-daujourdhui-sont-ils-paty\/<\/a><\/p>\n\n\n\n<p>Sondage 06\/01\/2021<\/p>\n\n\n\n<p><strong>Observatoire des enseignants : les contestations de la la\u00efcit\u00e9 et les formes de s\u00e9paratisme religieux \u00e0 l\u2019Ecole<\/strong><\/p>\n\n\n\n<p>Quelques mois apr\u00e8s l\u2019assassinat du professeur d\u2019histoire-g\u00e9ographie \u00e0 Conflans-Sainte-Honorine et six ans apr\u00e8s les tragiques attentats de janvier 2015, l\u2019Ifop pour la fondation Jean Jaur\u00e8s et Charlie Hebdo a mesur\u00e9 le niveau de contestation de la la\u00efcit\u00e9 et des formes de s\u00e9paratisme \u00e0 l\u2019\u00e9cole.<\/p>\n\n\n\n<p>Prenez connaissance des r\u00e9sultats du sondage <a href=\"https:\/\/www.ifop.com\/publication\/observatoire-des-enseignants-les-contestations-de-la-laicite-et-les-formes-de-separatisme-religieux-a-lecole\/\">https:\/\/www.ifop.com\/publication\/observatoire-des-enseignants-les-contestations-de-la-laicite-et-les-formes-de-separatisme-religieux-a-lecole\/<\/a> et de l\u2019analyse de Iannis Rodder, professeur d\u2019histoire-g\u00e9ographie et directeur de l\u2019Observatoire de l\u2019\u00e9ducation \u00e0 la Fondation Jean Jaur\u00e8s : <a href=\"https:\/\/jean-jaures.org\/nos-productions\/les-enseignants-de-france-face-aux-contestations-de-la-laicite-et-au-separatisme\">https:\/\/jean-jaures.org\/nos-productions\/les-enseignants-de-france-face-aux-contestations-de-la-laicite-et-au-separatisme<\/a><\/p>\n\n\n\n<p>Sondage 26\/11\/2020<\/p>\n\n\n\n<p><strong>Fractures soci\u00e9tales : enqu\u00eate aupr\u00e8s des 18-30 ans<\/strong><\/p>\n\n\n\n<p>Pr\u00e8s d\u2019un mois apr\u00e8s l\u2019assassinat de Samuel Paty et alors que le projet de loi sur les s\u00e9paratismes est examin\u00e9 \u00e0 l\u2019assembl\u00e9e nationale, Marianne a missionn\u00e9 l\u2019IFOP pour r\u00e9aliser un sondage d\u2019opinion aupr\u00e8s des 18-30 ans. Cette enqu\u00eate vise notamment \u00e0 mieux comprendre le rapport entretenu par les jeunes \u00e0 la question de la la\u00efcit\u00e9 et \u00e0 la religion.<\/p>\n\n\n\n<p>Consultez les r\u00e9sultats et l\u2019analyse de l\u2019\u00e9tude <a href=\"https:\/\/www.ifop.com\/publication\/fractures-societales-enquete-aupres-des-18-30-ans\/\">https:\/\/www.ifop.com\/publication\/fractures-societales-enquete-aupres-des-18-30-ans\/<\/a><\/p>\n\n\n\n<p>Sondage 05\/11\/2020<\/p>\n\n\n\n<p><strong>Le rapport \u00e0 la la\u00efcit\u00e9 \u00e0 l\u2019heure de la lutte contre l\u2019islamisme et le projet de loi contre les s\u00e9paratismes<\/strong><\/p>\n\n\n\n<p>A l\u2019occasion de la remise de ses \u00ab Prix de la la\u00efcit\u00e9 \u00bb (5 novembre 2020), le Comit\u00e9 La\u00efcit\u00e9 R\u00e9publique a command\u00e9 \u00e0 l\u2019Ifop une grande enqu\u00eate visant \u00e0 mesurer les positions des Fran\u00e7ais sur un sujet d\u00e9sormais au c\u0153ur du d\u00e9bat public avec la multiplication des attentats islamistes et l\u2019\u00e9laboration du projet de loi contre les \u00ab s\u00e9paratismes \u00bb. Reposant \u00e0 la fois sur un large \u00e9chantillon de la population \u2013 2000 personnes dont 1 000 catholiques \u2013 et sur un \u00e9chantillon solide de Fran\u00e7ais musulmans (500 personnes), cette \u00e9tude permet pour la premi\u00e8re fois de comparer les positions des principales cat\u00e9gories de Fran\u00e7ais (ex : catholiques, ath\u00e9es, musulmans) sur des sujets allant des grands principes ou dispositifs relatifs \u00e0 la la\u00efcit\u00e9 aux derni\u00e8res mesures annonc\u00e9es pour lutter contre l\u2019islamisme (ex : dissolution du CCIF, changement \u00e0 la t\u00eate de l\u2019Observatoire de la la\u00efcit\u00e9, enseignement de l\u2019arabe\u2026).<\/p>\n\n\n\n<p>Consultez les r\u00e9sultats et l\u2019analyse de l\u2019\u00e9tude <a href=\"https:\/\/www.ifop.com\/publication\/le-rapport-a-la-laicite-a-lheure-de-la-lutte-contre-lislamisme-et-le-projet-de-loi-contre-les-separatismes\/\">https:\/\/www.ifop.com\/publication\/le-rapport-a-la-laicite-a-lheure-de-la-lutte-contre-lislamisme-et-le-projet-de-loi-contre-les-separatismes\/<\/a> , ainsi que le commentaire de Jean-Pierre Sakoun et Gilbert Abergel \u00ab&nbsp;<strong>Les Fran\u00e7ais adh\u00e8rent massivement \u00e0 la la\u00efcit\u00e9&nbsp;<\/strong>\u00bb <a href=\"https:\/\/www.laicite-republique.org\/sondage-ifop-pour-le-clr-les-francais-adherent-massivement-a-la-laicite-j-p.html\">https:\/\/www.laicite-republique.org\/sondage-ifop-pour-le-clr-les-francais-adherent-massivement-a-la-laicite-j-p.html<\/a><\/p>\n\n\n\n<p>Sondage 28\/10\/2019<\/p>\n\n\n\n<p><strong>Les Fran\u00e7ais, la la\u00efcit\u00e9 et la lutte contre l\u2019islamisme<\/strong><\/p>\n\n\n\n<p>La la\u00efcit\u00e9 est per\u00e7ue comme menac\u00e9e par 78% des Fran\u00e7ais (+4 points en six mois), et ce dans toutes les cat\u00e9gories de population, d\u2019apr\u00e8s cette nouvelle \u00e9tude Ifop pour le Journal du Dimanche.<\/p>\n\n\n\n<p>Cette menace conduit \u00e0 une mutation de la d\u00e9finition donn\u00e9e par l\u2019opinion \u00e0 la la\u00efcit\u00e9 (par rapport \u00e0 l\u2019enqu\u00eate Ifop de 2005) : c\u2019est d\u00e9sormais de moins en moins \u00ab&nbsp;mettre toutes les religions sur un pied d\u2019\u00e9galit\u00e9&nbsp;\u00bb (19% contre 32% en 2005) ou \u00ab&nbsp;assurer la libert\u00e9 de conscience&nbsp;\u00bb (22%) ; mais avant tout \u00ab&nbsp;s\u00e9parer les religions et la politique&nbsp;\u00bb (27%) et \u00ab&nbsp;faire reculer leur influence&nbsp;\u00bb (26% contre 9% en 2005).<\/p>\n\n\n\n<p>Cette \u00e9volution s\u2019accompagne d\u2019une augmentation de la proportion de Fran\u00e7ais favorables \u00e0 l\u2019interdiction des pri\u00e8res de rue (82% contre 62% en 2011). Pr\u00e8s de trois Fran\u00e7ais sur quatre sont favorables \u00e0 l\u2019interdiction du port de signes religieux ostensibles pour les usagers des services publics (75%), pour les parents d\u2019\u00e9l\u00e8ves accompagnant une sortie scolaire (73%), ainsi que pour les salari\u00e9s des entreprises du secteur priv\u00e9 (72%). L\u2019\u00e9tude montre une crispation croissante sur l\u2019Islam, pour laquelle 80% des Fran\u00e7ais pensent que la question de la la\u00efcit\u00e9 se pose diff\u00e9remment.<\/p>\n\n\n\n<p>Retrouvez les r\u00e9sultats et l\u2019analyse de l\u2019enqu\u00eate <a href=\"https:\/\/www.ifop.com\/publication\/les-francais-la-laicite-et-la-lutte-contre-lislamisme\/\">https:\/\/www.ifop.com\/publication\/les-francais-la-laicite-et-la-lutte-contre-lislamisme\/<\/a><\/p>\n","protected":false},"excerpt":{"rendered":"<p>Unit\u00e9 la\u00efque propose une s\u00e9lection d\u2019enqu\u00eates et d\u2019\u00e9tudes qui \u00e9clairent sur les rapports des Fran\u00e7ais \u00e0 la la\u00efcit\u00e9 et la situation de la la\u00efcit\u00e9 en France. Sondage 06\/07\/2021 Les enseignants, la la\u00efcit\u00e9 et la place des religions \u00e0 l\u2019\u00e9cole L\u2019Ifop a r\u00e9alis\u00e9 pour l\u2019Observatoire de l\u2019\u00e9ducation de la Fondation Jean-Jaur\u00e8s une enqu\u00eate permettant de mieux [&hellip;]<\/p>\n","protected":false},"author":1,"featured_media":0,"parent":0,"menu_order":0,"comment_status":"closed","ping_status":"closed","template":"","meta":{"footnotes":""},"class_list":["post-129","page","type-page","status-publish","hentry"],"_links":{"self":[{"href":"https:\/\/unitelaique.org\/index.php\/wp-json\/wp\/v2\/pages\/129","targetHints":{"allow":["GET"]}}],"collection":[{"href":"https:\/\/unitelaique.org\/index.php\/wp-json\/wp\/v2\/pages"}],"about":[{"href":"https:\/\/unitelaique.org\/index.php\/wp-json\/wp\/v2\/types\/page"}],"author":[{"embeddable":true,"href":"https:\/\/unitelaique.org\/index.php\/wp-json\/wp\/v2\/users\/1"}],"replies":[{"embeddable":true,"href":"https:\/\/unitelaique.org\/index.php\/wp-json\/wp\/v2\/comments?post=129"}],"version-history":[{"count":2,"href":"https:\/\/unitelaique.org\/index.php\/wp-json\/wp\/v2\/pages\/129\/revisions"}],"predecessor-version":[{"id":158,"href":"https:\/\/unitelaique.org\/index.php\/wp-json\/wp\/v2\/pages\/129\/revisions\/158"}],"wp:attachment":[{"href":"https:\/\/unitelaique.org\/index.php\/wp-json\/wp\/v2\/media?parent=129"}],"curies":[{"name":"wp","href":"https:\/\/api.w.org\/{rel}","templated":true}]}}