{"id":2193,"date":"2021-12-20T12:38:58","date_gmt":"2021-12-20T11:38:58","guid":{"rendered":"https:\/\/unitelaique.org\/?page_id=2193"},"modified":"2024-11-11T11:11:03","modified_gmt":"2024-11-11T10:11:03","slug":"je-donne-jadhere","status":"publish","type":"page","link":"https:\/\/unitelaique.org\/index.php\/je-donne-jadhere\/","title":{"rendered":"J&rsquo;adh\u00e8re, je donne"},"content":{"rendered":"\n<p><a href=\"https:\/\/unitelaique.org\/index.php\/je-donne\/\"><\/a><\/p>\n\n\n\n<div class=\"wp-block-columns is-layout-flex wp-container-core-columns-is-layout-9d6595d7 wp-block-columns-is-layout-flex\">\n<div class=\"wp-block-column is-vertically-aligned-center is-layout-flow wp-block-column-is-layout-flow\"><div class=\"wp-block-image\">\n<figure class=\"aligncenter size-full\"><img loading=\"lazy\" decoding=\"async\" width=\"400\" height=\"400\" src=\"https:\/\/unitelaique.org\/wp-content\/uploads\/2024\/11\/1bisbis-test-adhesion-25-3.jpg\" alt=\"\" class=\"wp-image-7587\" srcset=\"https:\/\/unitelaique.org\/wp-content\/uploads\/2024\/11\/1bisbis-test-adhesion-25-3.jpg 400w, https:\/\/unitelaique.org\/wp-content\/uploads\/2024\/11\/1bisbis-test-adhesion-25-3-300x300.jpg 300w, https:\/\/unitelaique.org\/wp-content\/uploads\/2024\/11\/1bisbis-test-adhesion-25-3-150x150.jpg 150w, https:\/\/unitelaique.org\/wp-content\/uploads\/2024\/11\/1bisbis-test-adhesion-25-3-24x24.jpg 24w, https:\/\/unitelaique.org\/wp-content\/uploads\/2024\/11\/1bisbis-test-adhesion-25-3-36x36.jpg 36w, https:\/\/unitelaique.org\/wp-content\/uploads\/2024\/11\/1bisbis-test-adhesion-25-3-48x48.jpg 48w\" sizes=\"auto, (max-width: 400px) 100vw, 400px\" \/><\/figure>\n<\/div><\/div>\n\n\n\n<div class=\"wp-block-column is-layout-flow wp-block-column-is-layout-flow\">\n<p class=\"has-text-align-center has-large-font-size\" style=\"font-style:normal;font-weight:700\"><br><br>J&rsquo;AGIS POUR UN MONDE <br>LIBRE et FRATERNEL<\/p>\n\n\n\n<p class=\"has-text-align-center\">Rejoignez-nous dans notre qu\u00eate d\u2019un avenir plus humaniste, libre et d\u00e9mocratique. <a href=\"https:\/\/www.facebook.com\/unitelaique?__cft__[0]=AZUiMB3gyMO7gqqwX0R81_06masU_wKTgjs-UB1O5W2iJ7zd7iNiOyiGHolllOmFTGT5mvSs8LxVdgNW-f5NKCWEBTDnjToClH2M_Z3epsj6R3K1P9ttcEtwzWRBkMD5ZslCEU7uE_yswwyH51B-QP9f&amp;__tn__=-]K-R\">Unit\u00e9 la\u00efque<\/a> est la voix du changement. <br>VOUS avez le pouvoir de faire la diff\u00e9rence.<br><br>ENSEMBLE CHANGEONS LE MONDE. <br>Rejoindre <a href=\"https:\/\/www.facebook.com\/unitelaique?__cft__[0]=AZUiMB3gyMO7gqqwX0R81_06masU_wKTgjs-UB1O5W2iJ7zd7iNiOyiGHolllOmFTGT5mvSs8LxVdgNW-f5NKCWEBTDnjToClH2M_Z3epsj6R3K1P9ttcEtwzWRBkMD5ZslCEU7uE_yswwyH51B-QP9f&amp;__tn__=-]K-R\">Unit\u00e9 la\u00efque<\/a>, c&rsquo;est s\u2019unir pour un monde plus libre et fraternel.<\/p>\n\n\n\n<div class=\"wp-block-columns is-layout-flex wp-container-core-columns-is-layout-9d6595d7 wp-block-columns-is-layout-flex\">\n<div class=\"wp-block-column is-layout-flow wp-block-column-is-layout-flow\">\n<figure class=\"wp-block-image size-full\"><a href=\"https:\/\/unitelaique.org\/index.php\/adherer\/\"><img loading=\"lazy\" decoding=\"async\" width=\"520\" height=\"253\" src=\"https:\/\/unitelaique.org\/wp-content\/uploads\/2024\/11\/jadhere.png\" alt=\"\" class=\"wp-image-7601\" srcset=\"https:\/\/unitelaique.org\/wp-content\/uploads\/2024\/11\/jadhere.png 520w, https:\/\/unitelaique.org\/wp-content\/uploads\/2024\/11\/jadhere-300x146.png 300w, https:\/\/unitelaique.org\/wp-content\/uploads\/2024\/11\/jadhere-24x12.png 24w, https:\/\/unitelaique.org\/wp-content\/uploads\/2024\/11\/jadhere-36x18.png 36w, https:\/\/unitelaique.org\/wp-content\/uploads\/2024\/11\/jadhere-48x23.png 48w\" sizes=\"auto, (max-width: 520px) 100vw, 520px\" \/><\/a><\/figure>\n<\/div>\n\n\n\n<div class=\"wp-block-column is-layout-flow wp-block-column-is-layout-flow\">\n<figure class=\"wp-block-image size-full\"><a href=\"https:\/\/unitelaique.org\/index.php\/je-donne\/\"><img loading=\"lazy\" decoding=\"async\" width=\"520\" height=\"253\" src=\"https:\/\/unitelaique.org\/wp-content\/uploads\/2024\/11\/je-donne-1.png\" alt=\"\" class=\"wp-image-7600\" srcset=\"https:\/\/unitelaique.org\/wp-content\/uploads\/2024\/11\/je-donne-1.png 520w, https:\/\/unitelaique.org\/wp-content\/uploads\/2024\/11\/je-donne-1-300x146.png 300w, https:\/\/unitelaique.org\/wp-content\/uploads\/2024\/11\/je-donne-1-24x12.png 24w, https:\/\/unitelaique.org\/wp-content\/uploads\/2024\/11\/je-donne-1-36x18.png 36w, https:\/\/unitelaique.org\/wp-content\/uploads\/2024\/11\/je-donne-1-48x23.png 48w\" sizes=\"auto, (max-width: 520px) 100vw, 520px\" \/><\/a><\/figure>\n<\/div>\n<\/div>\n<\/div>\n<\/div>\n\n\n\n<p class=\"has-text-align-center\" style=\"font-size:52px\"><a href=\"https:\/\/unitelaique.org\/index.php\/adherer\/\"><\/a><\/p>\n","protected":false},"excerpt":{"rendered":"<p>J&rsquo;AGIS POUR UN MONDE LIBRE et FRATERNEL Rejoignez-nous dans notre qu\u00eate d\u2019un avenir plus humaniste, libre et d\u00e9mocratique. Unit\u00e9 la\u00efque est la voix du changement. VOUS avez le pouvoir de faire la diff\u00e9rence. ENSEMBLE CHANGEONS LE MONDE. Rejoindre Unit\u00e9 la\u00efque, c&rsquo;est s\u2019unir pour un monde plus libre et fraternel.<\/p>\n","protected":false},"author":1,"featured_media":0,"parent":0,"menu_order":0,"comment_status":"closed","ping_status":"closed","template":"","meta":{"footnotes":""},"class_list":["post-2193","page","type-page","status-publish","hentry"],"_links":{"self":[{"href":"https:\/\/unitelaique.org\/index.php\/wp-json\/wp\/v2\/pages\/2193","targetHints":{"allow":["GET"]}}],"collection":[{"href":"https:\/\/unitelaique.org\/index.php\/wp-json\/wp\/v2\/pages"}],"about":[{"href":"https:\/\/unitelaique.org\/index.php\/wp-json\/wp\/v2\/types\/page"}],"author":[{"embeddable":true,"href":"https:\/\/unitelaique.org\/index.php\/wp-json\/wp\/v2\/users\/1"}],"replies":[{"embeddable":true,"href":"https:\/\/unitelaique.org\/index.php\/wp-json\/wp\/v2\/comments?post=2193"}],"version-history":[{"count":19,"href":"https:\/\/unitelaique.org\/index.php\/wp-json\/wp\/v2\/pages\/2193\/revisions"}],"predecessor-version":[{"id":7582,"href":"https:\/\/unitelaique.org\/index.php\/wp-json\/wp\/v2\/pages\/2193\/revisions\/7582"}],"wp:attachment":[{"href":"https:\/\/unitelaique.org\/index.php\/wp-json\/wp\/v2\/media?parent=2193"}],"curies":[{"name":"wp","href":"https:\/\/api.w.org\/{rel}","templated":true}]}}