{"id":383,"date":"2021-11-03T10:26:58","date_gmt":"2021-11-03T09:26:58","guid":{"rendered":"https:\/\/unitelaique.org\/?page_id=383"},"modified":"2021-11-09T08:39:20","modified_gmt":"2021-11-09T07:39:20","slug":"cafe-laique","status":"publish","type":"page","link":"https:\/\/unitelaique.org\/index.php\/cafe-laique\/","title":{"rendered":"Caf\u00e9s la\u00efques"},"content":{"rendered":"\n<h2 class=\"wp-block-heading\"><strong>Le Chevalier de la Barre&nbsp;et&nbsp;Unit\u00e9 La\u00efque<\/strong><\/h2>\n\n\n\n<div class=\"wp-block-columns is-layout-flex wp-container-core-columns-is-layout-9d6595d7 wp-block-columns-is-layout-flex\">\n<div class=\"wp-block-column is-layout-flow wp-block-column-is-layout-flow\" style=\"flex-basis:33.33%\">\n<figure class=\"wp-block-image size-full\"><img loading=\"lazy\" decoding=\"async\" width=\"679\" height=\"959\" src=\"https:\/\/unitelaique.org\/wp-content\/uploads\/2021\/10\/Affiche-17112021.jpg\" alt=\"\" class=\"wp-image-371\" srcset=\"https:\/\/unitelaique.org\/wp-content\/uploads\/2021\/10\/Affiche-17112021.jpg 679w, https:\/\/unitelaique.org\/wp-content\/uploads\/2021\/10\/Affiche-17112021-212x300.jpg 212w\" sizes=\"auto, (max-width: 679px) 100vw, 679px\" \/><\/figure>\n<\/div>\n\n\n\n<div class=\"wp-block-column is-layout-flow wp-block-column-is-layout-flow\" style=\"flex-basis:66.66%\">\n<p><strong>Le Chevalier de la Barre<\/strong>&nbsp;et&nbsp;<strong>Unit\u00e9 La\u00efque<\/strong> ont le plaisir de vous convier \u00e0 notre <strong>prochain Caf\u00e9 La\u00efque<\/strong> qui aura lieu :<\/p>\n\n\n\n<p>Le 17 Novembre 2021 \u00e0 18h30 :<br>Au REGENT, 70 rue Lafayette, 75009 PARIS<br>M\u00e9tro CADET<br><br><strong>Notre grand t\u00e9moin : Ren\u00e9e FREGOSI<\/strong><br><br>\u2022 Docteur en philosophie et en sciences politiques\u00a0<br>\u2022 Directrice de recherche honoraire \u00e0 l&rsquo; Institut des hautes \u00e9tudes de L&rsquo;Am\u00e9rique Latine de Paris 3 Sorbonne Nouvelle\u00a0<br>\u2022 Ex-Directrice de l&rsquo;institut du PS,<br>\u2022 Essayiste<br><br>Nous comptons sur votre pr\u00e9sence. Inscrivez-vous par retour de mail<br>\u00e0 l&rsquo;adresse suivante\u00a0:  le.chevalier.de.la.barre.1766@gmail.com<\/p>\n<\/div>\n<\/div>\n\n\n\n<div class=\"wp-block-columns is-layout-flex wp-container-core-columns-is-layout-9d6595d7 wp-block-columns-is-layout-flex\">\n<div class=\"wp-block-column is-layout-flow wp-block-column-is-layout-flow\">\n<figure class=\"wp-block-image size-full is-resized is-style-default\"><a href=\"https:\/\/unitelaique.org\/index.php\/webinaires\/\"><img loading=\"lazy\" decoding=\"async\" src=\"https:\/\/unitelaique.org\/wp-content\/uploads\/2021\/11\/Webinaires.jpg\" alt=\"\" class=\"wp-image-576\" width=\"207\" height=\"108\"\/><\/a><\/figure>\n<\/div>\n\n\n\n<div class=\"wp-block-column is-layout-flow wp-block-column-is-layout-flow\">\n<figure class=\"wp-block-image size-full is-style-default\"><a href=\"https:\/\/unitelaique.org\/index.php\/colloques\/\"><img loading=\"lazy\" decoding=\"async\" width=\"209\" height=\"109\" src=\"https:\/\/unitelaique.org\/wp-content\/uploads\/2021\/11\/Colloques-et-tables-rondes.jpg\" alt=\"\" class=\"wp-image-574\"\/><\/a><\/figure>\n<\/div>\n\n\n\n<div class=\"wp-block-column is-layout-flow wp-block-column-is-layout-flow\">\n<figure class=\"wp-block-image size-full is-resized is-style-default\"><img loading=\"lazy\" decoding=\"async\" src=\"https:\/\/unitelaique.org\/wp-content\/uploads\/2021\/11\/Diners-debats.jpg\" alt=\"\" class=\"wp-image-688\" width=\"211\" height=\"110\"\/><\/figure>\n\n\n\n<p><\/p>\n<\/div>\n<\/div>\n","protected":false},"excerpt":{"rendered":"<p>Le Chevalier de la Barre&nbsp;et&nbsp;Unit\u00e9 La\u00efque Le Chevalier de la Barre&nbsp;et&nbsp;Unit\u00e9 La\u00efque ont le plaisir de vous convier \u00e0 notre prochain Caf\u00e9 La\u00efque qui aura lieu : Le 17 Novembre 2021 \u00e0 18h30 :Au REGENT, 70 rue Lafayette, 75009 PARISM\u00e9tro CADET Notre grand t\u00e9moin : Ren\u00e9e FREGOSI \u2022 Docteur en philosophie et en sciences politiques\u00a0\u2022 [&hellip;]<\/p>\n","protected":false},"author":7,"featured_media":0,"parent":0,"menu_order":0,"comment_status":"closed","ping_status":"closed","template":"","meta":{"footnotes":""},"class_list":["post-383","page","type-page","status-publish","hentry"],"_links":{"self":[{"href":"https:\/\/unitelaique.org\/index.php\/wp-json\/wp\/v2\/pages\/383","targetHints":{"allow":["GET"]}}],"collection":[{"href":"https:\/\/unitelaique.org\/index.php\/wp-json\/wp\/v2\/pages"}],"about":[{"href":"https:\/\/unitelaique.org\/index.php\/wp-json\/wp\/v2\/types\/page"}],"author":[{"embeddable":true,"href":"https:\/\/unitelaique.org\/index.php\/wp-json\/wp\/v2\/users\/7"}],"replies":[{"embeddable":true,"href":"https:\/\/unitelaique.org\/index.php\/wp-json\/wp\/v2\/comments?post=383"}],"version-history":[{"count":13,"href":"https:\/\/unitelaique.org\/index.php\/wp-json\/wp\/v2\/pages\/383\/revisions"}],"predecessor-version":[{"id":1037,"href":"https:\/\/unitelaique.org\/index.php\/wp-json\/wp\/v2\/pages\/383\/revisions\/1037"}],"wp:attachment":[{"href":"https:\/\/unitelaique.org\/index.php\/wp-json\/wp\/v2\/media?parent=383"}],"curies":[{"name":"wp","href":"https:\/\/api.w.org\/{rel}","templated":true}]}}